 u = 17 - 10. Let w be u + (0 + 2)*-1. Suppose n + 2*i = 2*n - 42, -10 = w*i. Is n a prime number?
False
Let z = 19372 + -11555. Is z composite?
False
Let k(m) = 719*m + 24. Let j be k(13). Suppose -12*z - 2687 = -j. Is z a composite number?
False
Let r = -15 + 19. Suppose -335 = r*m - 2131. Is m prime?
True
Let j = -51060 - -123871. Is j prime?
False
Is (1 + 3 + -5)*-326 - 3 composite?
True
Let t = -5 - -11. Let g(r) = -r + 2*r + 8*r**2 + 0*r**3 - r**3 - 1. Is g(t) prime?
False
Suppose -4*k + k - j = -9, 0 = -3*k + 3*j + 21. Let r be (8 + -12)*(-12543)/k. Is r/9 + 6/(-9) a prime number?
False
Let l be (8/24)/((-3)/(-117)). Suppose l*p - 14724 = p. Is p a composite number?
True
Suppose 0*n - o = 4*n - 7602, -n + 1897 = 2*o. Is n prime?
True
Suppose 5*l - 3*t = -47, -3*l + 0*t - 2*t = 13. Is (-5170)/l + (-57)/(-133) a composite number?
False
Let u be (-1*(4 + -3))/((-1)/(-5)). Let j(r) = 2*r**2 - 6*r - 3. Is j(u) prime?
False
Let w(b) = 50 + 196 + 27 - 2*b + 196. Is w(0) composite?
True
Is (245235/(-6))/((-18)/36) prime?
False
Let v be 34/(-2)*13*-1. Let o = -221 + 115. Let g = v + o. Is g prime?
False
Let b be 21/2*12/9. Let c = 18 - b. Suppose -m + c*m - 1245 = 0. Is m a prime number?
False
Let v(y) = 4*y**2 - 2*y - 4. Suppose 0 = x - 8 - 4. Let g = 7 - x. Is v(g) prime?
False
Suppose -20*s = -23*s + 6. Suppose -3*t - 1679 = -2*a, -4*t = s*a - 7*a + 4187. Is a prime?
False
Let z(m) = -5*m**3 - m**2 - m - 1. Let g be z(-1). Suppose 0 = -3*b + 5*l + 287, -2*b - g*l + 2*l = -186. Let k = 37 + b. Is k composite?
False
Suppose 5*x - 8571 = -2*y, -4*y - 6*x + 17136 = -2*x. Is y a prime number?
True
Let a(t) = 1692*t**3 + 4*t**2 + 7*t - 10. Is a(1) a composite number?
False
Suppose 0 = -3*d - 7919 + 122810. Is d a prime number?
False
Let p = 11599 - 8210. Is p prime?
True
Let u(c) = 36*c**2 + 5*c - 4. Let s be u(-5). Suppose 5*q - 2*d - 1445 = 0, 6*d + s = 3*q + 4*d. Is q a composite number?
True
Suppose 5*o - 37 = -2*k, -3*o - 5*k + 25 = 2*o. Suppose 0 = -o*j + j + 5576. Is j a prime number?
False
Let y(g) = -g + 1. Let h(l) = 3*l. Let a(x) = h(x) + 2*y(x). Let q be a(2). Is -1*(-158)/q*10 a composite number?
True
Suppose 0 = -20*y + 24*y - 8. Suppose -3*v - z + 3524 = -776, -2*z + y = 0. Suppose 0 = 4*n - 4, 2*n - v = -2*i + 7*n. Is i prime?
True
Let j(l) = -107*l - 181. Is j(-49) composite?
True
Let r(h) = -70*h + 11. Is r(-25) a prime number?
False
Let f(g) be the third derivative of -g**5/60 + 2*g**4/3 - 8*g**3/3 + 3*g**2. Let b be f(14). Let t(q) = 4*q - 11. Is t(b) composite?
False
Let p(k) = 458*k**2 - 6*k - 11. Is p(-5) a composite number?
True
Let r(j) = j**2 - 8*j - 14. Let f be r(10). Suppose -4*v = 2*y - f*y - 1508, v - 5*y - 369 = 0. Is v prime?
True
Let t be (-11)/(-3) + 8/24. Suppose t*q = -12, -q - 2*q - 49 = 4*n. Is 3/1 - (-172 + n) a composite number?
True
Suppose -7*d + 12 = -4*d. Suppose -5*j + 445 = -2*o - 660, -d*o + 20 = 0. Is j composite?
False
Let u(g) = 33*g**2 - 3*g. Let f be u(1). Is (-12)/f + (-7914)/(-10) a prime number?
False
Suppose -14*d = -3*d + 3168. Let m = d + 407. Is m composite?
True
Let q(y) = -18*y**3 + 3*y**2 - 4*y - 4. Let k be q(-3). Suppose -x + 163 = -4*v, 3*x = 7*v - 3*v + k. Is x composite?
False
Let b(t) = 2*t**2 + 13*t + 2. Let u be b(-7). Suppose -1001 = 4*s - u*s - 2*c, -s - c = -202. Is s a prime number?
True
Suppose 58*y - 7066 = 56*y. Suppose y - 160 = 5*u + h, -4*u - 2*h = -2702. Is u composite?
True
Is 7773/6*-2*(3 - 4) a composite number?
False
Suppose 0*r + 3*r + 5*j - 3526 = 0, -5*r + 5855 = 4*j. Is r a prime number?
False
Suppose 2*v = -6 - 8. Let d(b) = -b**3 - 7*b**2 + 5. Let l(a) = a**3 + 6*a**2 - 4. Let x(c) = -3*d(c) - 2*l(c). Is x(v) composite?
True
Let v = -460 - -1501. Is v a prime number?
False
Suppose -3*z - 3*j = -10482, 2*z - 2*j + 13970 = 6*z. Is z prime?
True
Is 1/(-2)*4 + 0 + 4873 a composite number?
False
Suppose f - 15 = w, 4*f - 18 = 3*w + 46. Let x = f + -16. Suppose x*r - 502 = r. Is r a composite number?
False
Let x = -9 + -3. Is (x - 2/(-2))/((-4)/508) composite?
True
Suppose -5*n + 10465 = -t - 5739, 4*n - 12961 = 3*t. Let o = 6812 - n. Is o prime?
True
Let x(n) = 110*n**3 - n**2 + 5*n - 12. Let h be x(-5). Is (-1)/(-3*(-4)/h) composite?
False
Is 12869/(8*7/56) a prime number?
False
Let l(q) be the first derivative of 109*q**2/2 - 3*q + 11. Is l(8) a composite number?
True
Let r be (-20)/(-4) + -2 - -2. Suppose -n = -r*n + 2108. Is n a prime number?
False
Let y(r) = -9*r**2 + 4*r**2 + 14*r**2 - 4*r + 9. Is y(10) a composite number?
True
Let o = 2477 - 1440. Is o a composite number?
True
Let v = 843 - 409. Suppose -4*w + 5*q + 865 = 0, 2*w - v = q + 3*q. Is w prime?
False
Suppose -14891 = -a - u + 895, 0 = -4*a - 2*u + 63154. Is a prime?
True
Let d(p) be the second derivative of 133*p**3/2 - p**2 + 7*p. Is d(1) a composite number?
False
Let p = 10 - 6. Suppose -6*x + 11*x - 960 = 0. Suppose 3*n = -o + 116, -p*o + x = 5*n - o. Is n composite?
True
Let t(v) be the second derivative of v**3/6 + 3*v**2 - 3*v. Let z be t(-3). Suppose 0 = x - z*x + 154. Is x prime?
False
Let n(r) = 9*r**2 - 2*r - 3. Let p = -16 + 13. Let y = 1 + p. Is n(y) prime?
True
Let t(r) = 424*r**2 - 6*r - 47. Is t(-4) prime?
True
Let o = 352 + -196. Let z = o - -62. Suppose 4*r = -3*t + z, -100 = -2*r + 4*t - t. Is r a prime number?
True
Suppose 3*g + 2*n = 10, -18 = -2*g - 3*n - 3. Suppose g*l = 5*l - 245. Suppose -z - 3*v + l = v, 5*v + 22 = z. Is z composite?
False
Let a(j) = -3*j**3 - 3*j**2 + j + 2. Let h be a(-2). Let b = -7 + h. Suppose 5*l - 12 = f, -f = 3*l - b - 23. Is f a composite number?
False
Suppose 1459 = -3*k + j, 0 = 2*k + j - 6*j + 990. Let l = k - -1222. Is l prime?
False
Let n(f) = -5*f + 1. Let t(y) = -5*y. Let c(b) = -3*n(b) + 2*t(b). Is c(8) composite?
False
Let y = 15873 - 11162. Is y a prime number?
False
Suppose 179 + 143 = -2*m. Let w be (-2 - m)/((-15)/50). Let v = -375 - w. Is v a prime number?
False
Let m(b) = -941*b - 179. Is m(-18) composite?
False
Let f be 31/4 - 54/72. Suppose -1755 = -f*x + 4*x. Suppose -4*u + 2*q = -466, 0 = 5*u - 2*q - 0*q - x. Is u prime?
False
Suppose 0 = 33*d - 34*d + 11771. Is d a prime number?
False
Let u(q) = -q**2 - 11*q - 15. Let r be u(-6). Suppose -h + r = -2*d - 242, -2*d = h - 249. Is h prime?
False
Suppose -2*c = 5*a + 1149 - 7418, 3*c - 2*a = 9375. Is c a prime number?
False
Is (8 + -5)*(-5)/(-30)*1258 prime?
False
Let p be (12/(-14))/(3/(-21)). Let o be 16/24 - (-2)/p. Suppose 0*c - 355 = -2*d - c, -c + o = 0. Is d composite?
True
Let l(h) be the third derivative of h**5/6 - h**4/4 - 3*h**3/2 + 10*h**2. Is l(8) a prime number?
False
Let z be 22/(1*(0 - -1)). Suppose -z - 10 = 4*i. Let b(q) = q**2 + 2*q - 11. Is b(i) a prime number?
True
Suppose 25*a = 59778 + 94747. Is a prime?
False
Suppose 3*q = 4*m - 0*m - 1029, 0 = 4*q - 3*m + 1365. Suppose 2*u + 10 = 3*u - t, -5*t + 16 = u. Is 2/u + q/(-11) composite?
False
Suppose -2*y + 0 = 8, -w = 5*y + 199. Let m = w - -300. Let t = m + -70. Is t a prime number?
False
Is 1699 - (-5 + 3 + (2 - 4)) composite?
True
Let w(g) = -g**3 + 6*g**2 - 4*g + 4. Let p be w(6). Let c = -16 - p. Let k = 15 + c. Is k a composite number?
False
Suppose u - 8 = -4*w - 3*u, 5 = 4*w + 5*u. Suppose -3*i + 0*t = t - 9755, w*i = -3*t + 16261. Is i prime?
True
Let y = -5210 + 10849. Is y a composite number?
False
Is 19133/2 - 115/(-46) composite?
True
Suppose 3*c - 7*c + 17 = -v, 3 = 3*c - 4*v. Suppose 2*x - 285 = -k, 4*k - 566 = 2*k - c*x. Is k composite?
False
Suppose -2*r + 1 + 3 = 0. Suppose u + r*u = 2*w - 21, -2*w + 16 = -2*u. Suppose 3*y - 9 + 37 = t, -w*y - 104 = -5*t. Is t a composite number?
False
Suppose -26043 = -6*d + 45735. Is d a composite number?
True
Suppose 33*z - 810780 = -27*z. Is z composite?
False
Let w(v) = -2*v**2 + 3*v + 4. Let a be w(3). Let b be 2*15*-2*1. Is a/(-2)*(-72)/b a prime number?
True
Let y(s) = -s**3 + 2*s**2 - 5*s + 4. Let r be 14/8 + 1/4. Let i be y(r). Is (i/12)/((-1)/4358) prime?
True
Suppose 3*r - 2*r = -3183. Let n = -2192 - r. Is n a prime number?
True
Suppose -3*c + 25 = -3*h - 5, -4*h - 44 = -5*c. Is (18/(-27))/(h/21501) prime?
True
Let x be 4/(-1) - (-18)/9. Let i(b) = -20*b**3 + 2*b**2 + 2*b. Let j be i(x). Suppose -2*p = -j - 366. Is p a composite number?
True